. What is the remainder when o is divided by p(44)?
64
Let q = 43 - -15. Let n = -293 - -525. Let w = n - 220. What is the remainder when q is divided by w?
10
Suppose -4*y + 7*y - 12 = 0. Let f be (9 - -33)/(6/y). Suppose 0 = -7*o - f + 196. Calculate the remainder when 75 is divided by o.
3
Suppose -3*p - s - 178 + 12 = 0, 5*s + 290 = -5*p. Let f = p + 183. Calculate the remainder when f is divided by 11.
8
Let a = -106 + 114. Calculate the remainder when 1070 is divided by a.
6
Suppose 0 = -2*n + 5*u + 29, 9 = -n - 3*u - 4. Suppose -5*d = 2*y - 683, -2*d = n*d - y - 549. Calculate the remainder when d is divided by 46.
45
Suppose -3*l = 5*h - 555, -2*l + h = -27 - 356. Calculate the remainder when l is divided by 57.
19
Suppose 4*r - 288 = 140. What is the remainder when r is divided by 16/(((-32)/(-8))/4)?
11
Let t = -10 - -38. Suppose -7*b = -3*w - 3*b + t, 3*w + b = 23. Let z = 222 - 211. What is the remainder when z is divided by w?
3
Suppose -3*y + 5*x + 167 = 0, -4*y + 238 = -0*y + x. Let r = -2492 - -2522. Calculate the remainder when y is divided by r.
29
Suppose 2*d - 3*n = -286, 5*n = 9*n + 16. Let o = d - -170. What is the remainder when o is divided by 12?
9
Let y be (9/12)/((-3)/(-8)). Suppose 5*x - 51 = y*x. Suppose x*h - 30 = 7*h. What is the remainder when 5 is divided by h?
2
Let g = 20343 - 20322. Let y(d) = d**2 + 8*d - 5. Calculate the remainder when y(5) is divided by g.
18
Suppose 46*u = -6 + 420. Let s be ((-4)/(-8))/((-2)/(-12)). Suppose f - 4*h - h - 16 = 0, 0 = -s*f - 2*h + 48. Calculate the remainder when f is divided by u.
7
Let d(m) = 6*m**2 + m + 1. Suppose -2*k + 604 - 209 = 5*o, 360 = 5*o - 5*k. What is the remainder when o is divided by d(2)?
23
Let w = -19 + -7. Let o = w - -32. Suppose 8*m - 1 = 15. What is the remainder when o is divided by m?
0
Suppose -9528 = -4*o - 3*v, -4*o + 2000 + 7528 = -4*v. What is the remainder when o is divided by 1178?
26
Suppose 4*u - 3*z = -12, -4*z - 11 = u + 11. Let n be ((-222)/4)/(u/(-12)). Let v = -110 - n. Calculate the remainder when 8 is divided by v.
0
Suppose -5*y - 2*l + 55 = 0, -5*y + 12 = 4*l - 33. Let i = -943 + 991. Calculate the remainder when i is divided by y.
9
Suppose 15*j - 69 = -11 + 17. Calculate the remainder when 205 is divided by j.
0
Let s = -6 - 99. Let j = -86 - s. Calculate the remainder when 52 is divided by j.
14
Suppose -8*r = 243 + 309. Let k = 4 - r. Let p(o) = 5*o**2 - o - 4. What is the remainder when k is divided by p(3)?
35
Suppose 312 = -14*x - 12*x. What is the remainder when 74 is divided by (2/3)/(x/234*-1)?
9
Let r(i) = i**3 + 28*i**2 - i - 25. Let m be r(-28). What is the remainder when -6 + m/6*84 is divided by 15?
6
Let r = 36 + -26. Let j(s) = 23*s - 69. Let n(q) = -3*q. Let t(y) = j(y) + 6*n(y). Calculate the remainder when t(21) is divided by r.
6
Let h = -20043 + 20116. Calculate the remainder when h is divided by 23.
4
Let s(l) = -l + 11. What is the remainder when 196/2 + (-23 - -26) is divided by s(-15)?
23
Let r be (-159)/(((-2)/9)/(26/39)). Let l = r + -467. Calculate the remainder when 106 is divided by l.
6
Suppose 5*x - 103 = 21*u - 25*u, 0 = 2*u + 16. What is the remainder when 503 is divided by x?
17
Let h(y) = -16*y**2 + 5*y - 4. Let k be h(2). Let d = k + 70. Calculate the remainder when 57 is divided by d.
9
Suppose -4*h - 10 = -9*h. Suppose 7*t - h*t = 85. Let k(r) = -5*r**2 + 57*r - 72. Calculate the remainder when k(8) is divided by t.
13
Suppose -41*w + 122521 = -250620. What is the remainder when w is divided by 74?
73
Suppose -11*g = -3*g + 9*g - 901. Calculate the remainder when 235 is divided by g.
23
Let c = -388 + 468. Let p be -1 + -3 + -2 + 8. Suppose 4*j = -4*z + 80, 3*z + 0*z = -p*j + 39. Calculate the remainder when c is divided by j.
17
Let g(f) = 2*f**2 - 46*f + 90. Calculate the remainder when 361 is divided by g(2).
1
Let g = 1940 + -1043. Let r = g + -867. Calculate the remainder when r is divided by 10.
0
Suppose -2*l = -4*v - 294, 5*l - 56*v - 717 = -55*v. Let p = l + -113. What is the remainder when 56 is divided by p?
26
Let x = -894 + 915. Suppose -192 = -r - 2*t, 2*r = -0*r + 2*t + 366. Calculate the remainder when r is divided by x.
18
Let h = 1827 - 1182. Calculate the remainder when h is divided by 41.
30
Suppose 2*g - 2 = 4, j = -g + 788. Suppose -5*v = -420 - j. What is the remainder when v is divided by 22?
21
Suppose 5*y - 240 = 5*q, -2*q = -5*y - q + 220. Let k = 1066 + -1057. What is the remainder when y is divided by k?
7
Let x(z) = z**3 - 38*z**2 - 266*z + 8. Calculate the remainder when 29 is divided by x(-6).
9
Let x = -80 + 74. Let c be ((-3*2)/((-9)/x))/(-1). Suppose 212 = c*n + 12. Calculate the remainder when n is divided by 9.
5
Let q = 333 - 236. Calculate the remainder when q is divided by 5/3*(10 + 156/15).
29
Suppose -3*h = h - 56. Suppose 5*v + 20 = 0, 1154*x - 1153*x - 44 = -v. Calculate the remainder when x is divided by h.
6
Let m(w) = -w**3 + 8*w**2 + 4*w - 15. Suppose -4*y + 12 = 4*z, 6 = -4*z + 2. Suppose 87 - 3 = y*j. What is the remainder when m(6) is divided by j?
18
Let o(r) be the third derivative of r**6/120 - 7*r**5/30 + r**4/12 + r**3 + 2*r**2 + 12. What is the remainder when 67 is divided by o(14)?
33
Suppose 0 = 21*k - 15*k - 3582. Let m = -570 + k. Calculate the remainder when m is divided by 9.
0
Suppose 3*j + 1891 = -5*w, 5*w - 392 = 6*w - 4*j. Let d = 392 + w. Calculate the remainder when 185 is divided by d.
5
Suppose -5*v + 4*y + 25 = 0, 0 = -18*y + 16*y - 10. What is the remainder when 26 is divided by -2 + 5 + (v - 4 - -14)?
12
Suppose 2*u - 7 = 3*u. Let j be 3/(2 - (-13)/u). Let g = -14 + j. Calculate the remainder when g is divided by 2.
1
Suppose 63*y - 908 - 2494 = 0. What is the remainder when 1031 is divided by y?
5
Let a = 33 - -149. Let z = a + -179. What is the remainder when 12 is divided by z?
0
Suppose 0 = -5*z - 3*d + 66, 50 = 4*z - 5*d + 6*d. Suppose 4*g = -2*q, 4*q - 2*q + g = z. Calculate the remainder when 45 is divided by q.
5
Suppose 0 = 27*d - 31*d - v + 290, -5*d + 362 = v. Calculate the remainder when 1151 is divided by d.
71
Let p(w) = 12*w - 5. Suppose 43 = -24*s + 115. What is the remainder when p(s) is divided by 16?
15
Suppose 4*y + 0*y - 56 = 0. Let k = 40778 + -39927. What is the remainder when k is divided by y?
11
Let u = -25 - -55. Let p = 38 + u. Suppose 9 = 3*z, 5*o + 16 - 130 = 2*z. What is the remainder when p is divided by o?
20
What is the remainder when -16 + 26 - 318/(-3) is divided by 112?
4
Let a = 18396 - 18245. Calculate the remainder when 367 is divided by a.
65
Suppose -112957 = -74*f - 12539. Calculate the remainder when f is divided by 227.
222
Let b(d) = -2*d**2 - 37*d + 70. Let y be b(-20). Calculate the remainder when (240 + -7)*10/y is divided by 37.
11
Let b(q) = q**3 + 26*q**2 + 26*q + 27. Suppose 3*a + 437 = u, 3*a = -2*a - 3*u - 705. What is the remainder when b(-25) is divided by ((-2)/(-8))/((-18)/a)?
0
Calculate the remainder when 911 is divided by (-1628)/(-7) - (-20)/14.
209
Suppose -975 - 621 = -4*v. What is the remainder when v is divided by 67?
64
Let k = 161 + -83. Let r be (10/(-5))/(30/750). Let p = k + r. Calculate the remainder when p is divided by 16.
12
Let r(c) = 31*c - 372. What is the remainder when 178 is divided by r(13)?
23
Suppose -39*n + 283 = -68. What is the remainder when 34 is divided by n?
7
Suppose -5*q + 3*i + 63 = -2*q, 0 = q + 3*i - 13. Suppose -17 = -21*s + 4*s. Let h(r) = 55*r**3 + r - 2. Calculate the remainder when h(s) is divided by q.
16
Calculate the remainder when (233/(-3))/(-13 + 3 - 87/(-9)) is divided by 53.
21
Let z(v) = -v + 88. Let y be 62 + 5 - (-9 - -4). Suppose y + 3 = 5*s. Calculate the remainder when z(0) is divided by s.
13
Suppose -39 + 30 = w + 3*o, -3*o + 9 = 3*w. What is the remainder when 214 is divided by w?
7
Let y(k) = 8*k + 126. What is the remainder when 695 is divided by y(-9)?
47
Let c = 77 - -155. What is the remainder when c/9 - 6/(-27) is divided by 72/10 + 7/(-35)?
5
Let o = -3790 - -3819. Calculate the remainder when 53 is divided by o.
24
What is the remainder when 2694 is divided by 630/(-9)*11/(-22)?
34
Suppose w - 1 = 7. Let f(i) = -170*i - 2625. What is the remainder when f(-16) is divided by w?
7
Suppose -